the prime factors of 14105.
5, 7, 13, 31
List the prime factors of 1207.
17, 71
List the prime factors of 4977.
3, 7, 79
What are the prime factors of 7203?
3, 7
List the prime factors of 17.
17
What are the prime factors of 760?
2, 5, 19
List the prime factors of 1866.
2, 3, 311
List the prime factors of 858.
2, 3, 11, 13
List the prime factors of 3547.
3547
What are the prime factors of 6434?
2, 3217
What are the prime factors of 4467?
3, 1489
What are the prime factors of 18737?
41, 457
List the prime factors of 1578.
2, 3, 263
List the prime factors of 11539.
11, 1049
What are the prime factors of 13500?
2, 3, 5
What are the prime factors of 23100?
2, 3, 5, 7, 11
List the prime factors of 713.
23, 31
List the prime factors of 2997.
3, 37
List the prime factors of 97523.
97523
What are the prime factors of 1404?
2, 3, 13
What are the prime factors of 16879?
16879
What are the prime factors of 58264?
2, 7283
List the prime factors of 133.
7, 19
List the prime factors of 4086.
2, 3, 227
List the prime factors of 8650.
2, 5, 173
What are the prime factors of 2261?
7, 17, 19
List the prime factors of 1187.
1187
What are the prime factors of 68855?
5, 47, 293
List the prime factors of 126.
2, 3, 7
What are the prime factors of 91051?
83, 1097
What are the prime factors of 20627?
20627
List the prime factors of 162549.
3, 18061
What are the prime factors of 130146?
2, 3, 109, 199
What are the prime factors of 34501?
34501
List the prime factors of 21206.
2, 23, 461
List the prime factors of 72740.
2, 5, 3637
List the prime factors of 3037.
3037
List the prime factors of 397.
397
What are the prime factors of 4374?
2, 3
What are the prime factors of 2998?
2, 1499
What are the prime factors of 11490?
2, 3, 5, 383
What are the prime factors of 6531?
3, 7, 311
List the prime factors of 36007.
36007
List the prime factors of 32913.
3, 23, 53
What are the prime factors of 48788?
2, 12197
List the prime factors of 1608.
2, 3, 67
What are the prime factors of 47750?
2, 5, 191
List the prime factors of 675.
3, 5
List the prime factors of 991.
991
List the prime factors of 149951.
113, 1327
What are the prime factors of 19479?
3, 43, 151
List the prime factors of 934.
2, 467
List the prime factors of 103.
103
What are the prime factors of 1486?
2, 743
What are the prime factors of 7760?
2, 5, 97
What are the prime factors of 28459?
149, 191
What are the prime factors of 624?
2, 3, 13
What are the prime factors of 8123?
8123
What are the prime factors of 15764?
2, 7, 563
What are the prime factors of 2226?
2, 3, 7, 53
What are the prime factors of 29480?
2, 5, 11, 67
What are the prime factors of 1930?
2, 5, 193
List the prime factors of 41435.
5, 8287
List the prime factors of 212.
2, 53
What are the prime factors of 775?
5, 31
List the prime factors of 60849.
3, 6761
What are the prime factors of 12196?
2, 3049
What are the prime factors of 43361?
131, 331
What are the prime factors of 52430?
2, 5, 7, 107
What are the prime factors of 3164?
2, 7, 113
List the prime factors of 9115.
5, 1823
List the prime factors of 34850.
2, 5, 17, 41
List the prime factors of 29783.
13, 29, 79
List the prime factors of 3912.
2, 3, 163
What are the prime factors of 694?
2, 347
List the prime factors of 16419.
3, 13, 421
List the prime factors of 49220.
2, 5, 23, 107
List the prime factors of 829.
829
List the prime factors of 15690.
2, 3, 5, 523
What are the prime factors of 15925?
5, 7, 13
What are the prime factors of 2802?
2, 3, 467
List the prime factors of 4204.
2, 1051
List the prime factors of 129621.
3, 43207
List the prime factors of 2419.
41, 59
What are the prime factors of 76?
2, 19
List the prime factors of 48194.
2, 24097
What are the prime factors of 3940?
2, 5, 197
What are the prime factors of 16157?
107, 151
List the prime factors of 9797.
97, 101
List the prime factors of 1143.
3, 127
What are the prime factors of 27883?
27883
List the prime factors of 3580.
2, 5, 179
List the prime factors of 720.
2, 3, 5
List the prime factors of 1100.
2, 5, 11
What are the prime factors of 9151?
9151
What are the prime factors of 1290?
2, 3, 5, 43
What are the prime factors of 982?
2, 491
What are the prime factors of 7775?
5, 311
What are the prime factors of 171088?
2, 17, 37
List the prime factors of 1273.
19, 67
What are the prime factors of 782?
2, 17, 23
What are the prime factors of 1787?
1787
What are the prime factors of 4789?
4789
List the prime factors of 105731.
23, 4597
What are the prime factors of 1580?
2, 5, 79
List the prime factors of 9730.
2, 5, 7, 139
List the prime factors of 2936.
2, 367
List the prime factors of 467.
467
List the prime factors of 5118.
2, 3, 853
What are the prime factors of 1428?
2, 3, 7, 17
List the prime factors of 11.
11
List the prime factors of 2538.
2, 3, 47
What are the prime factors of 3641?
11, 331
What are the prime factors of 24189?
3, 11, 733
What are the prime factors of 51283?
51283
What are the prime factors of 4115?
5, 823
What are the prime factors of 7917?
3, 7, 13, 29
List the prime factors of 36210.
2, 3, 5, 17, 71
List the prime factors of 4523.
4523
List the prime factors of 840.
2, 3, 5, 7
List the prime factors of 4259.
4259
List the prime factors of 47850.
2, 3, 5, 11, 29
What are the prime factors of 132161?
283, 467
What are the prime factors of 877?
877
What are the prime factors of 5240?
2, 5, 131
What are the prime factors of 4013?
4013
What are the prime factors of 806?
2, 13, 31
List the prime factors of 57614.
2, 28807
List the prime factors of 3138.
2, 3, 523
List the prime factors of 70051.
70051
List the prime factors of 11791.
13, 907
What are the prime factors of 1900?
2, 5, 19
List the prime factors of 55019.
37, 1487
What are the prime factors of 4322?
2, 2161
What are the prime factors of 1081?
23, 47
What are the prime factors of 8685?
3, 5, 193
What are the prime factors of 925?
5, 37
List the prime factors of 1127.
7, 23
List the prime factors of 939.
3, 313
List the prime factors of 71831.
109, 659
What are the prime factors of 1856?
2, 29
List the prime factors of 92169.
3, 7, 11, 19
What are the prime factors of 7576?
2, 947
List the prime factors of 547.
547
List the prime factors of 8493.
3, 19, 149
List the prime factors of 3726.
2, 3, 23
What are the prime factors of 648?
2, 3
What are the prime factors of 34404?
2, 3, 47, 61
List the prime factors of 1029.
3, 7
What are the prime factors of 8074?
2, 11, 367
List the prime factors of 549.
3, 61
List the prime factors of 1079.
13, 83
What are the prime factors of 1797?
3, 599
List the prime factors of 25851.
3, 7, 1231
List the prime factors of 4203.
3, 467
List the prime factors of 4645.
5, 929
What are the prime factors of 70855?
5, 37, 383
List the prime factors of 9314.
2, 4657
What are the prime factors of 101588?
2, 109, 233
What are the prime factors of 102189?
3, 23, 1481
What are the prime factors of 52893?
3, 653
What are the prime factors of 90?
2, 3, 5
List the prime factors of 1074.
2, 3, 179
List the prime factors of 1049.
1049
What are the prime factors of 8015?
5, 7, 229
What are the prime factors of 2917?
2917
What are the prime factors of 78472?
2, 17, 577
What are the prime factors of 369?
3, 41
List the prime factors of 3892.
2, 7, 139
What are the prime factors of 89830?
2, 5, 13, 691
List the prime factors of 4127.
4127
What are the prime factors of 5832?
2, 3
List the prime factors of 666.
2, 3, 37
List the prime factors of 2797.
2797
List the prime factors of 64051.
13, 379
List the prime factors of 3296.
2, 103
List the prime factors of 470.
2, 5, 47
List the prime factors of 19374.
2, 3, 3229
What are the prime factors of 465?
3, 5, 31
List the prime factors of 6219.
3, 691
What are the prime factors of 18546?
2, 3, 11, 281
List the prime factors of 2698.
2, 19, 71
List the prime factors of 4913.
17
What are the prime factors of 79720?
2, 5, 1993
List the prime factors of 97723.
79, 1237
What are the prime factors of 5023?
5023
What are the prime factors of 193404?
2, 3, 71, 227
What are the prime factors of 10277?
43, 239
List the prime factors of 23593.
23593
What are the prime factors of 204?
2, 3, 17
What are the prime factors of 14624?
2, 457
What are the prime factors of 272?
2, 17
List the 